{"id":467,"date":"2023-10-06T11:29:20","date_gmt":"2023-10-06T14:29:20","guid":{"rendered":"https:\/\/estojoelos.com.br\/loja\/?post_type=product&#038;p=467"},"modified":"2025-07-31T09:51:09","modified_gmt":"2025-07-31T12:51:09","slug":"ref-62-duplo-grande-masc-neon-c-6-un","status":"publish","type":"product","link":"https:\/\/estojoelos.com.br\/loja\/index.php\/product\/ref-62-duplo-grande-masc-neon-c-6-un\/","title":{"rendered":"Ref. 62 Duplo Grande Masc. Neon c\/ 6 un"},"content":{"rendered":"<p>Embalagem com 6 estojos Duplo Grande Masculino Neon com cores sortidas<\/p>\n<p>Pre\u00e7o unit\u00e1rio R$ 20,00<\/p>\n<p>Dimens\u00f5es do estojo: 10x10x22cm<\/p>\n<p>* As cores podem sofrer altera\u00e7\u00f5es<\/p>\n","protected":false},"excerpt":{"rendered":"<p>Embalagem com 6 estojos Duplo Grande Masculino Neon com cores sortidas Pre\u00e7o unit\u00e1rio R$ 20,00 Dimens\u00f5es do estojo: 10x10x22cm * As cores podem sofrer altera\u00e7\u00f5es<\/p>\n","protected":false},"featured_media":530,"template":"","meta":{"om_disable_all_campaigns":false,"_monsterinsights_skip_tracking":false,"_monsterinsights_sitenote_active":false,"_monsterinsights_sitenote_note":"","_monsterinsights_sitenote_category":0},"product_cat":[28,40],"product_tag":[],"class_list":["post-467","product","type-product","status-publish","has-post-thumbnail","hentry","product_cat-all","product_cat-linha-duplo"],"aioseo_notices":[],"_links":{"self":[{"href":"https:\/\/estojoelos.com.br\/loja\/index.php\/wp-json\/wp\/v2\/product\/467","targetHints":{"allow":["GET"]}}],"collection":[{"href":"https:\/\/estojoelos.com.br\/loja\/index.php\/wp-json\/wp\/v2\/product"}],"about":[{"href":"https:\/\/estojoelos.com.br\/loja\/index.php\/wp-json\/wp\/v2\/types\/product"}],"wp:featuredmedia":[{"embeddable":true,"href":"https:\/\/estojoelos.com.br\/loja\/index.php\/wp-json\/wp\/v2\/media\/530"}],"wp:attachment":[{"href":"https:\/\/estojoelos.com.br\/loja\/index.php\/wp-json\/wp\/v2\/media?parent=467"}],"wp:term":[{"taxonomy":"product_cat","embeddable":true,"href":"https:\/\/estojoelos.com.br\/loja\/index.php\/wp-json\/wp\/v2\/product_cat?post=467"},{"taxonomy":"product_tag","embeddable":true,"href":"https:\/\/estojoelos.com.br\/loja\/index.php\/wp-json\/wp\/v2\/product_tag?post=467"}],"curies":[{"name":"wp","href":"https:\/\/api.w.org\/{rel}","templated":true}]}}