{"id":241,"date":"2022-09-01T13:36:43","date_gmt":"2022-09-01T16:36:43","guid":{"rendered":"https:\/\/estojoelos.com.br\/loja\/?post_type=product&#038;p=241"},"modified":"2025-07-31T12:48:07","modified_gmt":"2025-07-31T15:48:07","slug":"ref-61-duplo-tom-pastel","status":"publish","type":"product","link":"https:\/\/estojoelos.com.br\/loja\/index.php\/product\/ref-61-duplo-tom-pastel\/","title":{"rendered":"Ref. 61 Duplo Tom Pastel"},"content":{"rendered":"<p>Embalagem com 6 estojos Duplo Especial Tom Pastel em cores sortidas<\/p>\n<p>Pre\u00e7o unit\u00e1rio R$ 15,80<\/p>\n<p>Dimens\u00f5es do estojo: 9x7x21cm<\/p>\n<p>* As cores podem sofrer altera\u00e7\u00f5es<\/p>\n","protected":false},"excerpt":{"rendered":"<p>Embalagem com 6 estojos Duplo Especial Tom Pastel em cores sortidas Pre\u00e7o unit\u00e1rio R$ 15,80 Dimens\u00f5es do estojo: 9x7x21cm * As cores podem sofrer altera\u00e7\u00f5es<\/p>\n","protected":false},"featured_media":230,"template":"","meta":{"om_disable_all_campaigns":false,"_monsterinsights_skip_tracking":false,"_monsterinsights_sitenote_active":false,"_monsterinsights_sitenote_note":"","_monsterinsights_sitenote_category":0},"product_cat":[28,40],"product_tag":[68,67,53],"class_list":["post-241","product","type-product","status-publish","has-post-thumbnail","hentry","product_cat-all","product_cat-linha-duplo","product_tag-2-ziper","product_tag-duplo","product_tag-pastel"],"aioseo_notices":[],"_links":{"self":[{"href":"https:\/\/estojoelos.com.br\/loja\/index.php\/wp-json\/wp\/v2\/product\/241","targetHints":{"allow":["GET"]}}],"collection":[{"href":"https:\/\/estojoelos.com.br\/loja\/index.php\/wp-json\/wp\/v2\/product"}],"about":[{"href":"https:\/\/estojoelos.com.br\/loja\/index.php\/wp-json\/wp\/v2\/types\/product"}],"wp:featuredmedia":[{"embeddable":true,"href":"https:\/\/estojoelos.com.br\/loja\/index.php\/wp-json\/wp\/v2\/media\/230"}],"wp:attachment":[{"href":"https:\/\/estojoelos.com.br\/loja\/index.php\/wp-json\/wp\/v2\/media?parent=241"}],"wp:term":[{"taxonomy":"product_cat","embeddable":true,"href":"https:\/\/estojoelos.com.br\/loja\/index.php\/wp-json\/wp\/v2\/product_cat?post=241"},{"taxonomy":"product_tag","embeddable":true,"href":"https:\/\/estojoelos.com.br\/loja\/index.php\/wp-json\/wp\/v2\/product_tag?post=241"}],"curies":[{"name":"wp","href":"https:\/\/api.w.org\/{rel}","templated":true}]}}