{"id":192,"date":"2022-09-01T11:07:16","date_gmt":"2022-09-01T14:07:16","guid":{"rendered":"https:\/\/estojoelos.com.br\/loja\/?post_type=product&#038;p=192"},"modified":"2025-07-31T12:54:41","modified_gmt":"2025-07-31T15:54:41","slug":"ref-82-triplo-camuflado-c-6-un","status":"publish","type":"product","link":"https:\/\/estojoelos.com.br\/loja\/index.php\/product\/ref-82-triplo-camuflado-c-6-un\/","title":{"rendered":"Ref. 82 Triplo Camuflado c\/ 6 un"},"content":{"rendered":"<p>Embalagem com 6 estojos Triplo Especial Camuflado com vivo ao redor do estojo<\/p>\n<p>Pre\u00e7o unit\u00e1rio R$ 19,00<\/p>\n<p>Dimens\u00f5es do estojo: 13x7x21cm<\/p>\n<p>* As cores podem sofrer altera\u00e7\u00f5es<\/p>\n","protected":false},"excerpt":{"rendered":"<p>Embalagem com 6 estojos Triplo Especial Camuflado com vivo ao redor do estojo Pre\u00e7o unit\u00e1rio R$ 19,00 Dimens\u00f5es do estojo: 13x7x21cm * As cores podem sofrer altera\u00e7\u00f5es<\/p>\n","protected":false},"featured_media":183,"template":"","meta":{"om_disable_all_campaigns":false,"_monsterinsights_skip_tracking":false,"_monsterinsights_sitenote_active":false,"_monsterinsights_sitenote_note":"","_monsterinsights_sitenote_category":0},"product_cat":[28,41],"product_tag":[59,63,58],"class_list":["post-192","product","type-product","status-publish","has-post-thumbnail","hentry","product_cat-all","product_cat-linha-triplo","product_tag-3-ziper","product_tag-camuflado","product_tag-triplo"],"aioseo_notices":[],"_links":{"self":[{"href":"https:\/\/estojoelos.com.br\/loja\/index.php\/wp-json\/wp\/v2\/product\/192","targetHints":{"allow":["GET"]}}],"collection":[{"href":"https:\/\/estojoelos.com.br\/loja\/index.php\/wp-json\/wp\/v2\/product"}],"about":[{"href":"https:\/\/estojoelos.com.br\/loja\/index.php\/wp-json\/wp\/v2\/types\/product"}],"wp:featuredmedia":[{"embeddable":true,"href":"https:\/\/estojoelos.com.br\/loja\/index.php\/wp-json\/wp\/v2\/media\/183"}],"wp:attachment":[{"href":"https:\/\/estojoelos.com.br\/loja\/index.php\/wp-json\/wp\/v2\/media?parent=192"}],"wp:term":[{"taxonomy":"product_cat","embeddable":true,"href":"https:\/\/estojoelos.com.br\/loja\/index.php\/wp-json\/wp\/v2\/product_cat?post=192"},{"taxonomy":"product_tag","embeddable":true,"href":"https:\/\/estojoelos.com.br\/loja\/index.php\/wp-json\/wp\/v2\/product_tag?post=192"}],"curies":[{"name":"wp","href":"https:\/\/api.w.org\/{rel}","templated":true}]}}